r?
True
Is 1178267 a composite number?
True
Is 17023 a composite number?
True
Is 2935 a composite number?
True
Is 171997 prime?
False
Is 32017 composite?
True
Is 8563 a composite number?
False
Is 41917 composite?
True
Is 106837 a prime number?
False
Is 123259 composite?
False
Is 61441 composite?
False
Is 11851 a prime number?
False
Is 524099 prime?
True
Is 1589189 a prime number?
False
Is 1453201 composite?
False
Is 231169 composite?
False
Is 26707 composite?
True
Is 307243 a prime number?
True
Is 86047 a composite number?
True
Is 22229 a composite number?
False
Is 115261 composite?
True
Is 1290791 composite?
False
Is 449 a prime number?
True
Is 1147 prime?
False
Is 1994 composite?
True
Is 7681 prime?
True
Is 25867 a prime number?
True
Is 15959 a composite number?
False
Is 3817 prime?
False
Is 72055 a prime number?
False
Is 971 a prime number?
True
Is 23251 composite?
False
Is 22091 prime?
True
Is 6007 a composite number?
False
Is 2203 a composite number?
False
Is 6362 composite?
True
Is 34871 composite?
False
Is 55963 prime?
False
Is 5155 a prime number?
False
Is 515171 a prime number?
False
Is 4237 prime?
False
Is 1535 prime?
False
Is 67391 a composite number?
False
Is 300557 prime?
True
Is 78277 composite?
False
Is 128339 a composite number?
False
Is 514347 prime?
False
Is 1251983 prime?
True
Is 19385 a composite number?
True
Is 4547 composite?
False
Is 26309 prime?
True
Is 26801 a prime number?
True
Is 251 composite?
False
Is 17077 a prime number?
True
Is 136195 prime?
False
Is 130457 a composite number?
False
Is 4193 a composite number?
True
Is 238201 composite?
False
Is 6117 a composite number?
True
Is 1727065 prime?
False
Is 380617 composite?
True
Is 8857 a prime number?
False
Is 638453 composite?
False
Is 230057 a composite number?
True
Is 181711 a composite number?
False
Is 67031 prime?
False
Is 56237 composite?
False
Is 17337 a composite number?
True
Is 50831 a prime number?
False
Is 99111 composite?
True
Is 57751 prime?
True
Is 26807 composite?
True
Is 5159323 prime?
False
Is 549203 a prime number?
True
Is 3299 prime?
True
Is 177883 prime?
True
Is 4861 composite?
False
Is 5471 prime?
True
Is 5077753 a prime number?
True
Is 30329 prime?
False
Is 5806 a prime number?
False
Is 177803 prime?
False
Is 1465771 prime?
True
Is 45541 a composite number?
False
Is 11641 composite?
True
Is 144061 prime?
True
Is 51571 prime?
False
Is 24437 a composite number?
True
Is 52613 a prime number?
False
Is 982231 a composite number?
False
Is 11114 a prime number?
False
Is 227993 a composite number?
False
Is 2099 prime?
True
Is 40879 prime?
True
Is 1110709 a prime number?
True
Is 323333 composite?
False
Is 157103 a composite number?
False
Is 1120883 a prime number?
True
Is 1707 a composite number?
True
Is 5401 prime?
False
Is 2361 prime?
False
Is 247 a prime number?
False
Is 162209 a composite number?
False
Is 43159 a composite number?
False
Is 65519 prime?
True
Is 5469 a prime number?
False
Is 48161 composite?
True
Is 291001 a composite number?
True
Is 618061 prime?
False
Is 26209 composite?
False
Is 213139 a composite number?
False
Is 12869 prime?
False
Is 166099 composite?
False
Is 426293 a prime number?
False
Is 961 prime?
False
Is 28429 composite?
False
Is 30551 prime?
False
Is 147503 prime?
True
Is 672661 prime?
False
Is 1316335 a prime number?
False
Is 3607 prime?
True
Is 172489 a composite number?
False
Is 53569 prime?
True
Is 349583 a prime number?
False
Is 34387 a prime number?
False
Is 543955 a composite number?
True
Is 3261 a prime number?
False
Is 1949 a prime number?
True
Is 12959 a prime number?
True
Is 18085 a composite number?
True
Is 13643 a composite number?
True
Is 68863 prime?
True
Is 61615 composite?
True
Is 318545 prime?
False
Is 23407 composite?
True
Is 58657 composite?
False
Is 2319 a composite number?
True
Is 644231 a prime number?
False
Is 62273 a prime number?
True
Is 509317 composite?
False
Is 395 prime?
False
Is 506459 composite?
False
Is 75409 prime?
False
Is 13451 composite?
False
Is 4287 prime?
False
Is 1657 a prime number?
True
Is 212489 composite?
True
Is 55763 composite?
False
Is 448981 composite?
True
Is 64811 composite?
False
Is 63809 a composite number?
False
Is 56609 composite?
True
Is 379033 prime?
True
Is 97723 prime?
False
Is 158001 a prime number?
False
Is 91541 composite?
False
Is 67495 prime?
False
Is 28463 a composite number?
False
Is 52081 composite?
False
Is 15967 a prime number?
False
Is 22343 composite?
False
Is 274906 composite?
True
Is 609377 composite?
True
Is 1872217 a prime number?
True
Is 196429 prime?
True
Is 18301 a prime number?
True
Is 14401 composite?
False
Is 1249571 composite?
True
Is 7493 composite?
True
Is 7393 a composite number?
False
Is 465235 composite?
True
Is 23663 prime?
True
Is 1538939 a composite number?
False
Is 35314 prime?
False
Is 333169 a prime number?
False
Is 65399 composite?
True
Is 2987 composite?
True
Is 11743 a composite number?
False
Is 142769 a composite number?
True
Is 3918641 a prime number?
True
Is 3907 a composite number?
False
Is 3271 composite?
False
Is 1027439 prime?
False
Is 30491 a prime number?
True
Is 1401589 a prime number?
False
Is 8147 a composite number?
False
Is 52999 composite?
False
Is 53891 prime?
True
Is 3463669 a prime number?
False
Is 8641 composite?
False
Is 9287 a prime number?
False
Is 4079467 composite?
True
Is 294445 a prime number?
False
Is 44417 composite?
False
Is 402991 prime?
True
Is 41619 a prime number?
False
Is 5141 a composite number?
True
Is 3226 composite?
True
Is 23531 a prime number?
True
Is 133801 prime?
True
Is 519755 composite?
True
Is 84562 a prime number?
False
Is 821723 a prime number?
False
Is 360163 composite?
False
Is 23279 prime?
True
Is 22853 prime?
True
Is 211469 a prime number?
True
Is 8287 a composite number?
False
Is 68829 prime?
False
Is 144301 prime?
False
Is 43223 prime?
True
Is 22719 composite?
True
Is 2111 a composite number?
False
Is 5899 a composite number?
True
Is 86153 a composite number?
True
Is 703183 a prime number?
False
Is 2767 a prime number?
True
Is 13457 composite?
False
Is 127453 composite?
False
Is 10603 a prime number?
False
Is 760579 prime?
True
Is 3295 a prime number?
False
Is 46907 composite?
True
Is 1693 a prime number?
True
Is 973 composite?
True
Is 69227 a composite number?
True
Is 1116631 composite?
False
Is 30161 prime?
True
Is 45238 composite?
True
Is 211 composite?
False
Is 6229 a composite number?
False
Is 391009 composite?
False
Is 592289 a prime number?
True
Is 8663 a composite number?
False
Is 7253 composite?
False
Is 440711 prime?
True
Is 3111331 a prime number?
True
Is 14969 composite?
False
Is 13379 prime?
False
Is 286973 prime?
True
Is 7043 a prime number?
True
Is 38029 a prime number?
False
Is 34183 a composite number?
False
Is 1163 a prime number?
True
Is 6096373 a prime number?
True
Is 122767 a prime number?
False
Is 248227 prime?
False
Is 77991 composite?
True
Is 39419 a prime number?
True
Is 38113 a composite number?
False
Is 5919 composite?
True
Is 8489 a prime number?
False
Is 234083 a prime number?
True
Is 20849 a composite number?
False
Is 4783 composite?
False
Is 15501 prime?
False
Is 29983 a prime number?
True
Is 248981 a prime number?
True
Is 6299 a composite number?
False
Is 29683 a composite number?
False
Is 10111 a prime number?
True
Is 51781 composite?
True
Is 10221 prime?
False
Is 16519 prime?
True
Is 617759 composite?
False
Is 13327 prime?
True
Is 2903 a prime number?
True
Is 20182 prime?
False
Is 414149 prime?
False
Is 82891 prime?
True
Is 2513 a composite number?
True
Is 1130791 a prime number?
False
Is 26021 prime?
True
Is 9469 a composite number?
True
Is 16015 composite?
True
Is 35233 a composite number?
True
Is 131293 composite?
False
Is 528743 prime?
False
Is 114901 a composite number?
False
Is 5794159 prime?
False
Is 10394 a composite number?
True
Is 200639 composite?
False
Is 457369 a prime number?
False
Is 59069 a composite number?
False
Is 749771 prime?
False
Is 173773 a prime number?
True
Is 23581 a composite number?
False
Is 16057 composite?
False
Is 15231 a composite number?
True
Is 30817 a prime number?
True
Is 131381 a composite number?
False
Is 645763 a prime number?
True
Is 11351 a composite number?
False
Is 21541 prime?
False
Is 47 a pri